{"id":87,"date":"2020-09-02T17:30:09","date_gmt":"2020-09-02T15:30:09","guid":{"rendered":"http:\/\/zadducarnet.noblogs.org\/?page_id=9"},"modified":"2021-07-06T21:37:44","modified_gmt":"2021-07-06T19:37:44","slug":"nous-soutenir-directement","status":"publish","type":"page","link":"https:\/\/zadducarnet.org\/index.php\/soutenir-la-lutte\/nous-soutenir-directement\/","title":{"rendered":"Nous soutenir directement"},"content":{"rendered":"\n<p>LA ZAD du Carnet s&rsquo;est implant\u00e9e le 31 ao\u00fbt aux entr\u00e9es du site du Carnet que le gouvernement et les industriels veulent convertir en zone industrielle. Nous ne quitterons pas les lieux tant que le projet ne sera pas abandonn\u00e9. Pour maintenir et renforcer cette lutte nous avons besoin de soutien de tous !<\/p>\n\n\n\n<hr class=\"wp-block-separator\"\/>\n\n\n\n<p class=\"has-text-align-center\"><strong>Recevoir la lettre d\u2019info par mail (<a rel=\"noreferrer noopener\" href=\"https:\/\/lists.riseup.net\/www\/subscribe\/info-zadcarnet\" target=\"_blank\">s&rsquo;inscrire<\/a>)<\/strong><\/p>\n\n\n\n<p class=\"has-text-align-center\"><strong>Recevoir les infos urgentes par message<\/strong> <br>envoyez \u00ab&nbsp;hello&nbsp;\u00bb au num\u00e9ro \u00e0 partir de Signal : + 1 25 12 92 15 43<br><em>Signal est une application de messagerie s\u00e9curis\u00e9e gratuite. Pour la t\u00e9l\u00e9charger, <\/em><a href=\"https:\/\/www.signal.org\/fr\/download\/\"><em>c\u2019est par ici.<\/em><\/a><\/p>\n\n\n\n<hr class=\"wp-block-separator\"\/>\n\n\n\n<h1 class=\"wp-block-heading\">Nous soutenir de 1000 mani\u00e8res !<\/h1>\n\n\n\n<ul class=\"wp-block-list\"><li><strong>nous rejoindre sur place<\/strong>, pour quelques jours ou quelques semaines, afin d&rsquo;\u00eatre pr\u00e9sents sur les barricades, construire des espaces d&rsquo;organisation et de vie, cuisiner, s&rsquo;investir dans la lutte au quotidien. Il ne s&rsquo;agit pas forc\u00e9ment d&rsquo;\u00eatre en premi\u00e8re ligne, s&rsquo;investir en base arri\u00e8re &#8211; sans risque juridique ou autre &#8211; est aussi fondamental !<\/li><\/ul>\n\n\n\n<ul class=\"wp-block-list\"><li><strong>organiser des collectes de nourriture ou de mat\u00e9riaux<\/strong> dont nous avons besoin (\u00e0 envoyer par convoi). <br><strong>La liste actualis\u00e9e tous les jours est accessible ici<\/strong> :  <a href=\"https:\/\/frama.link\/besoinscarnet\">https:\/\/frama.link\/besoinscarnet<\/a> \/ <br>On a cr\u00e9\u00e9 un petit outil pour nous indiquer ce que vous avez \u00e0 donner (ou les types de choses que vous pourriez donner s\u2019il s\u2019agit d\u2019une structure) : <a href=\"https:\/\/frama.link\/soutiencarnet\">https:\/\/frama.link\/soutiencarnet<\/a> <ul><li>pour les petits dons vous pouvez les amener directement sur site \u00e0 la route de l&rsquo;\u00e9olienne \u00e0 la P\u00e9hini\u00e8re <\/li><li>pour les dons volumineux, indiquez-nous si vous pouvez nous les apporter ou si un v\u00e9hicule est n\u00e9cessaire pour venir les r\u00e9cup\u00e9rer<\/li><\/ul><\/li><\/ul>\n\n\n\n<ul class=\"wp-block-list\"><li>le <strong>soutien populaire<\/strong>, collectif et national est important pour p\u00e9renniser l\u2019existence des ZAD. Rejoignez votre <a href=\"https:\/\/zadducarnet.org\/index.php\/groupes-locaux-de-soutien\/\">groupe de soutien local<\/a> (ou cr\u00e9ez-le \ud83d\ude09), parlez-en autour de vous, mettez en place des \u00e9v\u00e9nements ou des moment de tractage, envoyer un message de soutien, etc.<\/li><\/ul>\n\n\n\n<ul class=\"wp-block-list\"><li>des membres du collectif \u00ab\u00a0Stop Carnet\u00a0\u00bb et de la ZAD vont parcourir la France (et ailleurs) pour <strong>informer sur la lutte<\/strong>. Contactez-nous si vous souhaitez les accueillir.<\/li><\/ul>\n\n\n\n<div class=\"wp-block-columns are-vertically-aligned-top is-layout-flex wp-container-core-columns-is-layout-9d6595d7 wp-block-columns-is-layout-flex\">\n<div class=\"wp-block-column is-vertically-aligned-top is-layout-flow wp-block-column-is-layout-flow\">\n<ul class=\"wp-block-list\"><li>participer \u00e0 la caisse de soutien en ligne :<\/li><\/ul>\n\n\n\n<div style=\"height:20px\" aria-hidden=\"true\" class=\"wp-block-spacer\"><\/div>\n<\/div>\n\n\n\n<div class=\"wp-block-column is-vertically-aligned-top is-layout-flow wp-block-column-is-layout-flow\">\n<div class=\"wp-block-buttons is-layout-flex wp-block-buttons-is-layout-flex\">\n<div class=\"wp-block-button\"><a class=\"wp-block-button__link\" href=\"https:\/\/www.cotizup.com\/carnet-libre-et-sauvage\">Caisse de soutien en ligne<\/a><\/div>\n<\/div>\n<\/div>\n<\/div>\n\n\n\n<h1 class=\"wp-block-heading\">Si vous habitez pr\u00e8s de Saint Viaud (44)<\/h1>\n\n\n\n<ul class=\"wp-block-list\"><li>Nous avons aussi besoin de<strong> soutien logistique pour la vie quotidienne<\/strong>, cela peut \u00eatre laver du linge, proposer une douche ou un espace de bricolage avec \u00e9lectricit\u00e9 (en autres possibles). Pour faire une proposition : <a href=\"https:\/\/frama.link\/soutiencarnet\">https:\/\/frama.link\/soutiencarnet<\/a><\/li><\/ul>\n\n\n\n<ul class=\"wp-block-list\"><li>faire des <strong>relais d&rsquo;infos<\/strong> : pr\u00e9sence des forces de l&rsquo;ordre par exemple <br>(<strong>Suivre et nourrir l\u2019infotrafflic<\/strong> : envoyez \u201chello\u201d au num\u00e9ro \u00e0 partir de Signal : + 1 81 34 37 56 07 &#8211; <em>Signal est une application de messagerie s\u00e9curis\u00e9e gratuite. Pour la t\u00e9l\u00e9charger, <\/em><a href=\"https:\/\/www.signal.org\/fr\/download\/\"><em>c\u2019est par ici.<\/em><\/a>)<\/li><\/ul>\n\n\n\n<h2 class=\"wp-block-heading\">Si vous habitez dans les environs (Saint-Nazaire, Nantes, Rennes)<\/h2>\n\n\n\n<ul class=\"wp-block-list\"><li>nous avons besoin de <strong>bases arri\u00e8res pour nous reposer<\/strong> : une chambre, une grange, un champ, une cabane, etc. Des endroits o\u00f9 nous pouvons reprendre des forces \u00e0 un ou deux pendant deux ou trois jours. Cela peut \u00eatre dans un cadre ponctuel ou plus p\u00e9renne (avec des r\u00e8gles \u00e0 pr\u00e9ciser ensemble en terme de temps de pr\u00e9sence et nombre de personne par exemple).<\/li><\/ul>\n\n\n\n<ul class=\"wp-block-list\"><li><strong>Nous cherchons \u00e0 mettre en place des \u00ab\u00a0navettes\u00a0\u00bb r\u00e9guli\u00e8res avec les grandes villes voisines<\/strong>. <br>Si vous faites r\u00e9guli\u00e8rement la route dans un sens comme dans l&rsquo;autre jusqu&rsquo;\u00e0 Nantes, Saint-Nazaire ou Rennes que ce soit avec une voiture ou un camion, vous pouvez proposer un covoiturage r\u00e9gulier, un ou plusieurs jours par semaine, pour faciliter l&rsquo;acc\u00e8s au site pour nouveaux arrivants. <br>Si vous avez \u00e9galement possibilit\u00e9 de transporter du mat\u00e9riel, c&rsquo;est top !<br>Nous nous adaptons \u00e0 vos conditions (jours, heures, lieux de rendez-vous, conditions sp\u00e9cifiques pour le mat\u00e9riel, etc.)<br>Pour faire une proposition : <a href=\"https:\/\/frama.link\/soutiencarnet\">https:\/\/frama.link\/soutiencarnet<\/a><\/li><\/ul>\n\n\n\n<h2 class=\"wp-block-heading\">Si vous habitez plus loin <\/h2>\n\n\n\n<ul class=\"wp-block-list\"><li><strong>rejoindre le groupe de soutien local pr\u00e8s de chez vous <\/strong>(<a href=\"https:\/\/zadducarnet.org\/index.php\/accueil\/agenda-groupes-locaux\/\">liste des groupes de soutien<\/a>), <strong>ou cr\u00e9er le v\u00f4tre<\/strong> (r\u00e9unions d&rsquo;information, organisation de dons \u00e0 la ZAD, actions de soutien, etc.) !<\/li><li><strong>se renseigner sur le projet et en parler autour de soi pour informer.<\/strong> Nous allons mettre en ligne prochainement des documents \u00e0 imprimer pour facilier la transmission d&rsquo;information. Nous ne faisons pas confiance aux m\u00e9dias \u00ab\u00a0mainstream\u00a0\u00bb, l&rsquo;information de la main \u00e0 la main est primordiale.<\/li><li><strong>nous organiserons prochainement un \u00ab\u00a0infoTour\u00a0\u00bb<\/strong> pour des gens de la ZAD viennent parler du projet un peu partout en France. N&rsquo;h\u00e9sitez pas \u00e0 nous tenir au courant d\u00e8s maintenant si vous souhaitez organiser quelque chose pr\u00e8s de chez vous.<\/li><\/ul>\n","protected":false},"excerpt":{"rendered":"<p>LA ZAD du Carnet s&rsquo;est implant\u00e9e le 31 ao\u00fbt aux entr\u00e9es du site du Carnet que le gouvernement et les industriels veulent convertir en zone industrielle. Nous ne quitterons pas les lieux tant que le projet ne sera pas abandonn\u00e9. Pour maintenir et renforcer cette lutte nous avons besoin de soutien de tous ! Recevoir &hellip; <a href=\"https:\/\/zadducarnet.org\/index.php\/soutenir-la-lutte\/nous-soutenir-directement\/\" class=\"more-link\">Continuer la lecture de <span class=\"screen-reader-text\">Nous soutenir directement<\/span> <span class=\"meta-nav\">&rarr;<\/span><\/a><\/p>\n","protected":false},"author":1,"featured_media":0,"parent":1569,"menu_order":0,"comment_status":"closed","ping_status":"closed","template":"","meta":{"_uag_custom_page_level_css":"","_mc_calendar":[],"footnotes":""},"class_list":["post-87","page","type-page","status-publish","hentry"],"uagb_featured_image_src":{"full":false,"thumbnail":false,"medium":false,"medium_large":false,"large":false,"1536x1536":false,"2048x2048":false,"post-thumbnail":false},"uagb_author_info":{"display_name":"zadducarnet","author_link":"https:\/\/zadducarnet.org\/index.php\/author\/admin8203\/"},"uagb_comment_info":0,"uagb_excerpt":"LA ZAD du Carnet s&rsquo;est implant\u00e9e le 31 ao\u00fbt aux entr\u00e9es du site du Carnet que le gouvernement et les industriels veulent convertir en zone industrielle. Nous ne quitterons pas les lieux tant que le projet ne sera pas abandonn\u00e9. Pour maintenir et renforcer cette lutte nous avons besoin de soutien de tous ! Recevoir\u2026","_links":{"self":[{"href":"https:\/\/zadducarnet.org\/index.php\/wp-json\/wp\/v2\/pages\/87","targetHints":{"allow":["GET"]}}],"collection":[{"href":"https:\/\/zadducarnet.org\/index.php\/wp-json\/wp\/v2\/pages"}],"about":[{"href":"https:\/\/zadducarnet.org\/index.php\/wp-json\/wp\/v2\/types\/page"}],"author":[{"embeddable":true,"href":"https:\/\/zadducarnet.org\/index.php\/wp-json\/wp\/v2\/users\/1"}],"replies":[{"embeddable":true,"href":"https:\/\/zadducarnet.org\/index.php\/wp-json\/wp\/v2\/comments?post=87"}],"version-history":[{"count":24,"href":"https:\/\/zadducarnet.org\/index.php\/wp-json\/wp\/v2\/pages\/87\/revisions"}],"predecessor-version":[{"id":2505,"href":"https:\/\/zadducarnet.org\/index.php\/wp-json\/wp\/v2\/pages\/87\/revisions\/2505"}],"up":[{"embeddable":true,"href":"https:\/\/zadducarnet.org\/index.php\/wp-json\/wp\/v2\/pages\/1569"}],"wp:attachment":[{"href":"https:\/\/zadducarnet.org\/index.php\/wp-json\/wp\/v2\/media?parent=87"}],"curies":[{"name":"wp","href":"https:\/\/api.w.org\/{rel}","templated":true}]}}