{"id":864,"date":"2020-10-25T17:52:48","date_gmt":"2020-10-25T16:52:48","guid":{"rendered":"https:\/\/zadducarnet.org\/?page_id=864"},"modified":"2021-03-09T17:31:38","modified_gmt":"2021-03-09T16:31:38","slug":"nous-contacter","status":"publish","type":"page","link":"https:\/\/zadducarnet.org\/index.php\/nous-contacter\/","title":{"rendered":"Nous contacter"},"content":{"rendered":"\n<div class=\"wp-block-group is-layout-flow wp-block-group-is-layout-flow\"><div class=\"wp-block-group__inner-container\"><\/div><\/div>\n\n\n\n<p>Pour toutes questions concernant ce site internet ou la Zad du Carnet, n&rsquo;h\u00e9sitez pas \u00e0 contacter <a href=\"mailto:zadducarnet@riseup.net\">zadducarnet[at]riseup.net<\/a>.<\/p>\n\n\n\n<p>Pour toutes questions concernant des aspects plus juridiques (amendes, etc.), contactez la legal team <a href=\"mailto:legal_carnet@riseup.net\">legal_carnet[at]riseup.net<\/a>.<\/p>\n\n\n\n<p>Nous avons mis en place le protocole PGP de chiffrement des mails. Nos cl\u00e9s publiques sont sur <a href=\"http:\/\/keys.gnupg.net\/pks\/lookup?search=zadducarnet&amp;fingerprint=on&amp;op=index\">de nombreux serveurs de cl\u00e9s<\/a>. Si vous l&rsquo;utilisez aussi, voici nos empreintes : <br>zadducarnet[at]riseup.net : 2609 10BB 64F0 B59B 9ED3 03FD E46D FF9B A979 170F<br>legal_carnet[at]riseup.net : 8F75 92A7 8E99 60AB A752 EF95 A0D3 1249 E246 F828<\/p>\n\n\n\n<h4 class=\"wp-block-heading\">Informations \u00e0 destination des journalistes<\/h4>\n\n\n\n<p>Pour les journalistes, vous pouvez nous contacter \u00e0 <a href=\"mailto:zadducarnet@riseup.net\">zadducarnet[at]riseup.net<\/a> pour pr\u00e9parer votre venue. Nous pr\u00e9f\u00e9rons \u00eatre contact\u00e9\u00b7es par mail plut\u00f4t que par les r\u00e9seaux sociaux. Si vous envisagez de venir, on vous conseille : <\/p>\n\n\n\n<ul class=\"wp-block-list\"><li>nous pr\u00e9venir au minimum une semaine \u00e0 l&rsquo;avance de votre date et horaire de visite pr\u00e9f\u00e9r\u00e9 afin que l&rsquo;\u00e9quipe qui g\u00e8re l&rsquo;adresse mail ait le temps de pr\u00e9venir les personnes sur le site et puisse vous r\u00e9pondre,<\/li><li>lire le protocole pour les journalistes que nous avons \u00e9crit attentivement.<\/li><\/ul>\n\n\n\n<div class=\"wp-block-file\"><a href=\"https:\/\/zadducarnet.org\/wp-content\/uploads\/2020\/12\/protocole_journalistes.pdf\">protocole_journalistes<\/a><a href=\"https:\/\/zadducarnet.org\/wp-content\/uploads\/2020\/12\/protocole_journalistes.pdf\" class=\"wp-block-file__button\" download>T\u00e9l\u00e9charger<\/a><\/div>\n","protected":false},"excerpt":{"rendered":"<p>Pour toutes questions concernant ce site internet ou la Zad du Carnet, n&rsquo;h\u00e9sitez pas \u00e0 contacter zadducarnet[at]riseup.net. Pour toutes questions concernant des aspects plus juridiques (amendes, etc.), contactez la legal team legal_carnet[at]riseup.net. Nous avons mis en place le protocole PGP de chiffrement des mails. Nos cl\u00e9s publiques sont sur de nombreux serveurs de cl\u00e9s. Si &hellip; <a href=\"https:\/\/zadducarnet.org\/index.php\/nous-contacter\/\" class=\"more-link\">Continuer la lecture de <span class=\"screen-reader-text\">Nous contacter<\/span> <span class=\"meta-nav\">&rarr;<\/span><\/a><\/p>\n","protected":false},"author":5,"featured_media":0,"parent":0,"menu_order":0,"comment_status":"closed","ping_status":"closed","template":"","meta":{"_uag_custom_page_level_css":"","_mc_calendar":[],"footnotes":""},"class_list":["post-864","page","type-page","status-publish","hentry"],"uagb_featured_image_src":{"full":false,"thumbnail":false,"medium":false,"medium_large":false,"large":false,"1536x1536":false,"2048x2048":false,"post-thumbnail":false},"uagb_author_info":{"display_name":"zad_du_carnet","author_link":"https:\/\/zadducarnet.org\/index.php\/author\/zad_du_carnet\/"},"uagb_comment_info":0,"uagb_excerpt":"Pour toutes questions concernant ce site internet ou la Zad du Carnet, n&rsquo;h\u00e9sitez pas \u00e0 contacter zadducarnet[at]riseup.net. Pour toutes questions concernant des aspects plus juridiques (amendes, etc.), contactez la legal team legal_carnet[at]riseup.net. Nous avons mis en place le protocole PGP de chiffrement des mails. Nos cl\u00e9s publiques sont sur de nombreux serveurs de cl\u00e9s. Si\u2026","_links":{"self":[{"href":"https:\/\/zadducarnet.org\/index.php\/wp-json\/wp\/v2\/pages\/864","targetHints":{"allow":["GET"]}}],"collection":[{"href":"https:\/\/zadducarnet.org\/index.php\/wp-json\/wp\/v2\/pages"}],"about":[{"href":"https:\/\/zadducarnet.org\/index.php\/wp-json\/wp\/v2\/types\/page"}],"author":[{"embeddable":true,"href":"https:\/\/zadducarnet.org\/index.php\/wp-json\/wp\/v2\/users\/5"}],"replies":[{"embeddable":true,"href":"https:\/\/zadducarnet.org\/index.php\/wp-json\/wp\/v2\/comments?post=864"}],"version-history":[{"count":13,"href":"https:\/\/zadducarnet.org\/index.php\/wp-json\/wp\/v2\/pages\/864\/revisions"}],"predecessor-version":[{"id":2145,"href":"https:\/\/zadducarnet.org\/index.php\/wp-json\/wp\/v2\/pages\/864\/revisions\/2145"}],"wp:attachment":[{"href":"https:\/\/zadducarnet.org\/index.php\/wp-json\/wp\/v2\/media?parent=864"}],"curies":[{"name":"wp","href":"https:\/\/api.w.org\/{rel}","templated":true}]}}