{"id":2723,"date":"2021-09-26T11:39:10","date_gmt":"2021-09-26T09:39:10","guid":{"rendered":"https:\/\/zadducarnet.org\/?page_id=2723"},"modified":"2021-09-26T12:01:22","modified_gmt":"2021-09-26T10:01:22","slug":"infotour-du-carnet","status":"publish","type":"page","link":"https:\/\/zadducarnet.org\/index.php\/boite-a-outils\/infotour-du-carnet\/","title":{"rendered":"Infotour du Carnet"},"content":{"rendered":"\n<p>Vous trouverez ici tout un tas de ressources que nous utilisons pour parler du projet au Carnet un peu partout en France !<\/p>\n\n\n\n<h2 class=\"wp-block-heading\">Festival Festi\u2019Doc #2 &#8211; 17-19\/09\/2021<\/h2>\n\n\n\n<p>On nous a invit\u00e9 pour parler de la ZAD du Carnet durant le Festival Festi\u2019Doc #2. Ce festival, organis\u00e9 par l\u2019association <a href=\"http:\/\/lepremiermais.free.fr\" data-type=\"URL\" data-id=\"http:\/\/lepremiermais.free.fr\">Le Premier Mais&#8230;<\/a>, a eu lieu le 17, 18 et 19 septembre \u00e0 Saint-Pierre de Frugie (24) dans le Limousin. <\/p>\n\n\n\n<p>Vous trouverez les ressources utilis\u00e9es pour notre intervention dans ce fichier compress\u00e9 :<\/p>\n\n\n\n<div class=\"wp-block-file\"><a href=\"https:\/\/zadducarnet.org\/wp-content\/uploads\/2021\/09\/FestiDoc2_ressources.zip\">FestiDoc2_ressources<\/a><a href=\"https:\/\/zadducarnet.org\/wp-content\/uploads\/2021\/09\/FestiDoc2_ressources.zip\" class=\"wp-block-file__button\" download>T\u00e9l\u00e9charger<\/a><\/div>\n\n\n\n<p>Ce fichier contient :<br>&#8211; les photos de l\u2019exposition,<br>&#8211; l\u2019appel \u00e0 chantier collectif pour construire une maison de la r\u00e9sistance (FD2_chantiers_carnet.odt), <br>&#8211; un r\u00e9capitulatif des dates importantes de la lutte (FD2_dates.odt), <br>&#8211; un document sur l\u2019\u00e9tat actuel du projet du Grand Port Maritime (FD2_relance_projet.odt), <br>&#8211; le plan initial de notre intervention, que nous n\u2019avons pas forc\u00e9ment suivi \u00e0 la lettre (FD2_plan_intervention.odt).<\/p>\n\n\n\n<p>Voici la liste des vid\u00e9os que nous avons visionn\u00e9es lors de notre intervention : <br>&#8211; <a href=\"https:\/\/www.youtube.com\/watch?v=4eKxuvzX7eA\" data-type=\"URL\" data-id=\"https:\/\/www.youtube.com\/watch?v=4eKxuvzX7eA\">Court reportage de France 3 Pays de la Loire<\/a> sur l\u2019installation de la ZAD du Carnet (02\/09\/2020)<br>&#8211; <a href=\"https:\/\/www.youtube.com\/watch?v=9HLAESV4hdc\" data-type=\"URL\" data-id=\"https:\/\/www.youtube.com\/watch?v=9HLAESV4hdc\">Reportage de RT France<\/a> sur l\u2019installation de la ZAD du Carnet (03\/09\/2020)<br>&#8211; <a href=\"https:\/\/www.youtube.com\/watch?v=3HB_HXEKXH8\" data-type=\"URL\" data-id=\"https:\/\/www.youtube.com\/watch?v=3HB_HXEKXH8\">Documentaire de Pays des Alternatives<\/a> qui donne la parole aux zadistes (25\/03\/2021)<br>&#8211; <a href=\"https:\/\/www.youtube.com\/watch?v=bSHk3QhorK4\" data-type=\"URL\" data-id=\"https:\/\/www.youtube.com\/watch?v=bSHk3QhorK4\">Vid\u00e9o d\u2019intervention de la s\u00e9natrice Laurence Garnier<\/a> (LR) au S\u00e9nat au sujet de l\u2019inaction du gouvernement, et la r\u00e9ponse du ministre des transports (25\/11\/2020)<br>&#8211; Carnets musicaux <a href=\"https:\/\/tube.piweb.be\/videos\/watch\/65e309a3-dadc-488a-91b1-c536490ad17b?start=1s\" data-type=\"URL\" data-id=\"https:\/\/tube.piweb.be\/videos\/watch\/65e309a3-dadc-488a-91b1-c536490ad17b?start=1s\">#1<\/a> et <a href=\"https:\/\/tube.piweb.be\/videos\/watch\/9bd9a901-5b2a-4a7a-aed2-ca4eecc9fed1\" data-type=\"URL\" data-id=\"https:\/\/tube.piweb.be\/videos\/watch\/9bd9a901-5b2a-4a7a-aed2-ca4eecc9fed1\">#2<\/a>. Productions audios r\u00e9alis\u00e9es par des habitant.es de la ZAD du Carnet (11\/2020 et 12\/2020) <br>&#8211; Courte vid\u00e9o de Ouest France lors du Carnazad au jardin \u00e9toil\u00e9 de Paimboeuf<br>&#8211; Vid\u00e9os courtes d\u2019appel \u00e0 soutien r\u00e9alis\u00e9es par des habitant.es de la ZAD avant l\u2019expulsion (03\/2021) <a href=\"https:\/\/www.facebook.com\/109363617559849\/videos\/474160327275996\" data-type=\"URL\" data-id=\"https:\/\/www.facebook.com\/109363617559849\/videos\/474160327275996\">ici<\/a> et <a href=\"https:\/\/tube.piweb.be\/videos\/watch\/0469e67e-3476-4461-a4f6-812384d24b91\" data-type=\"URL\" data-id=\"https:\/\/tube.piweb.be\/videos\/watch\/0469e67e-3476-4461-a4f6-812384d24b91\">l\u00e0<\/a><br>&#8211; <em><a href=\"https:\/\/tube.piweb.be\/videos\/watch\/24990843-d4a6-4032-b713-2fb0869de437\" data-type=\"URL\" data-id=\"https:\/\/tube.piweb.be\/videos\/watch\/24990843-d4a6-4032-b713-2fb0869de437\">Izon p\u00e9t\u00e9 la ZAD<\/a><\/em>, production musicale avec clip vid\u00e9o r\u00e9alis\u00e9e apr\u00e8s l\u2019expulsion de la ZAD du Carnet par d\u2019ancien.ne habitant.es (07\/2021)<br>&#8211; Vid\u00e9o de soutien aux personnes expuls\u00e9e de la ZAD. Occupation du th\u00e9\u00e2tre&nbsp;?<\/p>\n\n\n\n<p>Pour d&rsquo;autres vid\u00e9os, consulter la <a href=\"https:\/\/tube.piweb.be\/video-channels\/zad_du_carnet\/videos\" data-type=\"URL\" data-id=\"https:\/\/tube.piweb.be\/video-channels\/zad_du_carnet\/videos\">cha\u00eene Zad du Carnet<\/a> ! <\/p>\n","protected":false},"excerpt":{"rendered":"<p>Vous trouverez ici tout un tas de ressources que nous utilisons pour parler du projet au Carnet un peu partout en France ! Festival Festi\u2019Doc #2 &#8211; 17-19\/09\/2021 On nous a invit\u00e9 pour parler de la ZAD du Carnet durant le Festival Festi\u2019Doc #2. Ce festival, organis\u00e9 par l\u2019association Le Premier Mais&#8230;, a eu lieu &hellip; <a href=\"https:\/\/zadducarnet.org\/index.php\/boite-a-outils\/infotour-du-carnet\/\" class=\"more-link\">Continuer la lecture de <span class=\"screen-reader-text\">Infotour du Carnet<\/span> <span class=\"meta-nav\">&rarr;<\/span><\/a><\/p>\n","protected":false},"author":5,"featured_media":0,"parent":1554,"menu_order":0,"comment_status":"closed","ping_status":"closed","template":"","meta":{"_uag_custom_page_level_css":"","_mc_calendar":[],"footnotes":""},"class_list":["post-2723","page","type-page","status-publish","hentry"],"uagb_featured_image_src":{"full":false,"thumbnail":false,"medium":false,"medium_large":false,"large":false,"1536x1536":false,"2048x2048":false,"post-thumbnail":false},"uagb_author_info":{"display_name":"zad_du_carnet","author_link":"https:\/\/zadducarnet.org\/index.php\/author\/zad_du_carnet\/"},"uagb_comment_info":0,"uagb_excerpt":"Vous trouverez ici tout un tas de ressources que nous utilisons pour parler du projet au Carnet un peu partout en France ! Festival Festi\u2019Doc #2 &#8211; 17-19\/09\/2021 On nous a invit\u00e9 pour parler de la ZAD du Carnet durant le Festival Festi\u2019Doc #2. Ce festival, organis\u00e9 par l\u2019association Le Premier Mais&#8230;, a eu lieu\u2026","_links":{"self":[{"href":"https:\/\/zadducarnet.org\/index.php\/wp-json\/wp\/v2\/pages\/2723","targetHints":{"allow":["GET"]}}],"collection":[{"href":"https:\/\/zadducarnet.org\/index.php\/wp-json\/wp\/v2\/pages"}],"about":[{"href":"https:\/\/zadducarnet.org\/index.php\/wp-json\/wp\/v2\/types\/page"}],"author":[{"embeddable":true,"href":"https:\/\/zadducarnet.org\/index.php\/wp-json\/wp\/v2\/users\/5"}],"replies":[{"embeddable":true,"href":"https:\/\/zadducarnet.org\/index.php\/wp-json\/wp\/v2\/comments?post=2723"}],"version-history":[{"count":4,"href":"https:\/\/zadducarnet.org\/index.php\/wp-json\/wp\/v2\/pages\/2723\/revisions"}],"predecessor-version":[{"id":2730,"href":"https:\/\/zadducarnet.org\/index.php\/wp-json\/wp\/v2\/pages\/2723\/revisions\/2730"}],"up":[{"embeddable":true,"href":"https:\/\/zadducarnet.org\/index.php\/wp-json\/wp\/v2\/pages\/1554"}],"wp:attachment":[{"href":"https:\/\/zadducarnet.org\/index.php\/wp-json\/wp\/v2\/media?parent=2723"}],"curies":[{"name":"wp","href":"https:\/\/api.w.org\/{rel}","templated":true}]}}

<p>Vous trouverez ici tout un tas de ressources que nous utilisons pour parler du projet au Carnet un peu partout en France !</p>



<h2 class="wp-block-heading">Festival Festi’Doc #2 &#8211; 17-19/09/2021</h2>



<p>On nous a invité pour parler de la ZAD du Carnet durant le Festival Festi’Doc #2. Ce festival, organisé par l’association <a href="http://lepremiermais.free.fr" data-type="URL" data-id="http://lepremiermais.free.fr">Le Premier Mais&#8230;</a>, a eu lieu le 17, 18 et 19 septembre à Saint-Pierre de Frugie (24) dans le Limousin. </p>



<p>Vous trouverez les ressources utilisées pour notre intervention dans ce fichier compressé :</p>



<div class="wp-block-file"><a href="https://zadducarnet.org/wp-content/uploads/2021/09/FestiDoc2_ressources.zip">FestiDoc2_ressources</a><a href="https://zadducarnet.org/wp-content/uploads/2021/09/FestiDoc2_ressources.zip" class="wp-block-file__button" download>Télécharger</a></div>



<p>Ce fichier contient :<br>&#8211; les photos de l’exposition,<br>&#8211; l’appel à chantier collectif pour construire une maison de la résistance (FD2_chantiers_carnet.odt), <br>&#8211; un récapitulatif des dates importantes de la lutte (FD2_dates.odt), <br>&#8211; un document sur l’état actuel du projet du Grand Port Maritime (FD2_relance_projet.odt), <br>&#8211; le plan initial de notre intervention, que nous n’avons pas forcément suivi à la lettre (FD2_plan_intervention.odt).</p>



<p>Voici la liste des vidéos que nous avons visionnées lors de notre intervention : <br>&#8211; <a href="https://www.youtube.com/watch?v=4eKxuvzX7eA" data-type="URL" data-id="https://www.youtube.com/watch?v=4eKxuvzX7eA">Court reportage de France 3 Pays de la Loire</a> sur l’installation de la ZAD du Carnet (02/09/2020)<br>&#8211; <a href="https://www.youtube.com/watch?v=9HLAESV4hdc" data-type="URL" data-id="https://www.youtube.com/watch?v=9HLAESV4hdc">Reportage de RT France</a> sur l’installation de la ZAD du Carnet (03/09/2020)<br>&#8211; <a href="https://www.youtube.com/watch?v=3HB_HXEKXH8" data-type="URL" data-id="https://www.youtube.com/watch?v=3HB_HXEKXH8">Documentaire de Pays des Alternatives</a> qui donne la parole aux zadistes (25/03/2021)<br>&#8211; <a href="https://www.youtube.com/watch?v=bSHk3QhorK4" data-type="URL" data-id="https://www.youtube.com/watch?v=bSHk3QhorK4">Vidéo d’intervention de la sénatrice Laurence Garnier</a> (LR) au Sénat au sujet de l’inaction du gouvernement, et la réponse du ministre des transports (25/11/2020)<br>&#8211; Carnets musicaux <a href="https://tube.piweb.be/videos/watch/65e309a3-dadc-488a-91b1-c536490ad17b?start=1s" data-type="URL" data-id="https://tube.piweb.be/videos/watch/65e309a3-dadc-488a-91b1-c536490ad17b?start=1s">#1</a> et <a href="https://tube.piweb.be/videos/watch/9bd9a901-5b2a-4a7a-aed2-ca4eecc9fed1" data-type="URL" data-id="https://tube.piweb.be/videos/watch/9bd9a901-5b2a-4a7a-aed2-ca4eecc9fed1">#2</a>. Productions audios réalisées par des habitant.es de la ZAD du Carnet (11/2020 et 12/2020) <br>&#8211; Courte vidéo de Ouest France lors du Carnazad au jardin étoilé de Paimboeuf<br>&#8211; Vidéos courtes d’appel à soutien réalisées par des habitant.es de la ZAD avant l’expulsion (03/2021) <a href="https://www.facebook.com/109363617559849/videos/474160327275996" data-type="URL" data-id="https://www.facebook.com/109363617559849/videos/474160327275996">ici</a> et <a href="https://tube.piweb.be/videos/watch/0469e67e-3476-4461-a4f6-812384d24b91" data-type="URL" data-id="https://tube.piweb.be/videos/watch/0469e67e-3476-4461-a4f6-812384d24b91">là</a><br>&#8211; <em><a href="https://tube.piweb.be/videos/watch/24990843-d4a6-4032-b713-2fb0869de437" data-type="URL" data-id="https://tube.piweb.be/videos/watch/24990843-d4a6-4032-b713-2fb0869de437">Izon pété la ZAD</a></em>, production musicale avec clip vidéo réalisée après l’expulsion de la ZAD du Carnet par d’ancien.ne habitant.es (07/2021)<br>&#8211; Vidéo de soutien aux personnes expulsée de la ZAD. Occupation du théâtre&nbsp;?</p>



<p>Pour d&rsquo;autres vidéos, consulter la <a href="https://tube.piweb.be/video-channels/zad_du_carnet/videos" data-type="URL" data-id="https://tube.piweb.be/video-channels/zad_du_carnet/videos">chaîne Zad du Carnet</a> ! </p>

<p>Vous trouverez ici tout un tas de ressources que nous utilisons pour parler du projet au Carnet un peu partout en France ! Festival Festi’Doc #2 &#8211; 17-19/09/2021 On nous a invité pour parler de la ZAD du Carnet durant le Festival Festi’Doc #2. Ce festival, organisé par l’association Le Premier Mais&#8230;, a eu lieu &hellip; <a href="https://zadducarnet.org/index.php/boite-a-outils/infotour-du-carnet/" class="more-link">Continuer la lecture de <span class="screen-reader-text">Infotour du Carnet</span> <span class="meta-nav">&rarr;</span></a></p>

Vous trouverez ici tout un tas de ressources que nous utilisons pour parler du projet au Carnet un peu partout en France ! Festival Festi’Doc #2 &#8211; 17-19/09/2021 On nous a invité pour parler de la ZAD du Carnet durant le Festival Festi’Doc #2. Ce festival, organisé par l’association Le Premier Mais&#8230;, a eu lieu…
