{"id":1673,"date":"2021-01-14T16:32:32","date_gmt":"2021-01-14T15:32:32","guid":{"rendered":"https:\/\/zadducarnet.org\/?page_id=1673"},"modified":"2021-01-14T16:49:51","modified_gmt":"2021-01-14T15:49:51","slug":"como-llegar","status":"publish","type":"page","link":"https:\/\/zadducarnet.org\/index.php\/es\/como-llegar\/","title":{"rendered":"C\u00f3mo llegar ?"},"content":{"rendered":"\n<h2 class=\"wp-block-heading\"><strong>Para venir<\/strong><\/h2>\n\n\n\n<p>La zona se encuentra a 30 km de Saint Nazaire y a 40 km de Nantes, sobre la orilla sur del Loira, en la commune de Saint Viaud. La direcci\u00f3n exacta es\u00a0:<br><strong>Lieu dit La P\u00e9hini\u00e8re 44320 Saint Viaud<\/strong><\/p>\n\n\n\n<iframe loading=\"lazy\" allowfullscreen=\"\" src=\"\/\/umap.openstreetmap.fr\/fr\/map\/carte-sans-nom_495088?scaleControl=false&amp;miniMap=false&amp;scrollWheelZoom=false&amp;zoomControl=true&amp;allowEdit=false&amp;moreControl=true&amp;searchControl=null&amp;tilelayersControl=null&amp;embedControl=true&amp;datalayersControl=null&amp;onLoadPanel=undefined&amp;captionBar=false&amp;feature=ZAD%20du%20Carnet#7\/47.010\/-0.626\" width=\"100%\" height=\"300px\" frameborder=\"0\"><\/iframe><p><a href=\"\/\/umap.openstreetmap.fr\/fr\/map\/carte-sans-nom_495088\">Ver en pantalla completa<\/a><\/p>\n\n\n\n\t\t\t\t<div class=\"wp-block-uagb-table-of-contents uagb-toc__align-left uagb-toc__columns-1  uagb-block-617d1ec3      \"\n\t\t\t\t\tdata-scroll= \"1\"\n\t\t\t\t\tdata-offset= \"30\"\n\t\t\t\t\tstyle=\"\"\n\t\t\t\t>\n\t\t\t\t<div class=\"uagb-toc__wrap\">\n\t\t\t\t\t\t<div class=\"uagb-toc__title\">\n\t\t\t\t\t\t\tTable Of Content\t\t\t\t\t\t<\/div>\n\t\t\t\t\t\t\t\t\t\t\t\t\t\t\t\t\t\t\t\t\t\t<div class=\"uagb-toc__list-wrap \">\n\t\t\t\t\t\t<ol class=\"uagb-toc__list\"><li class=\"uagb-toc__list\"><a href=\"#para-venir\" class=\"uagb-toc-link__trigger\">Para venir<\/a><li class=\"uagb-toc__list\"><a href=\"#venir-en-cochecoche-compartido\" class=\"uagb-toc-link__trigger\">Venir en coche\/coche compartido<\/a><li class=\"uagb-toc__list\"><a href=\"#venir-en-bici\" class=\"uagb-toc-link__trigger\">Venir en bici<\/a><li class=\"uagb-toc__list\"><a href=\"#venir-en-tranpsporte-p\u00fablico\" class=\"uagb-toc-link__trigger\">Venir en tranpsporte p\u00fablico<\/a><li class=\"uagb-toc__list\"><a href=\"#venir-a-pasar-unas-horas-pasar-el-d\u00eda\" class=\"uagb-toc-link__trigger\">Venir a pasar unas horas \/\u00a0pasar el d\u00eda<\/a><li class=\"uagb-toc__list\"><a href=\"#si-os-qued\u00e1is-varios-d\u00edas\" class=\"uagb-toc-link__trigger\">Si os qued\u00e1is varios d\u00edas<\/a><li class=\"uagb-toc__list\"><a href=\"#a-vuestra-llegada\" class=\"uagb-toc-link__trigger\">A vuestra llegada<\/a><\/ol>\t\t\t\t\t<\/div>\n\t\t\t\t\t\t\t\t\t<\/div>\n\t\t\t\t<\/div>\n\t\t\t\n\n\n<h2 class=\"wp-block-heading\">Venir en coche\/coche compartido<\/h2>\n\n\n\n<p><strong>Coche compartido : <\/strong>Se ha creado un grupo Facebook para facilitar los trayectos compartidos (en espera de la creaci\u00f3n de una herramienta fuera de Facebook) : <a href=\"http:\/\/facebook.com\/groups\/stopcarnetcovoit\" target=\"_blank\" rel=\"noreferrer noopener\">facebook.com\/groups\/stopcarnetcovoit<\/a> , <strong>pensad en publicar un cuando veng\u00e1is a la ZAD en coche!<\/strong><\/p>\n\n\n\n<p><strong>Si ven\u00eds en coche de Nantes, o pas\u00e1is por all\u00ed, os invitamos a pasar por Pirmil para ver si hay gente que espera all\u00ed para venir al Carnet<\/strong>!<\/p>\n\n\n\n<p><strong>Stop desde Nantes<\/strong> : si part\u00eds de Nantes, es aconsejable pararse en Primil ( junto al Loire) en el camino hacia el Carnet. Facil acceso en transporte p\u00fablico con los trams 2 y 3<\/p>\n\n\n\n<p><strong>Puntos de control de la gendarmerie : <\/strong>Desde el principio de la okupaci\u00f3n, les gendarmes se han apostado alrededor de la zona, controlando la identidad de los que llegan y, en ocasiones, registrando el veh\u00edculo (vericad que los gendarmes tienen una requisici\u00f3n del procurador autoriz\u00e1ndoles a registrar vuestro veh\u00edculo) y\/o efectuando tests de alcoholemia y de otras drogas.<\/p>\n\n\n\n<p><strong>Desde principios de octubre<\/strong>, los controles de la gendarmeria son mucho m\u00e1s ligeros, no nos han comunicado ning\u00fan registro ni control de identidad. Si vuestro veh\u00edculo a sido registrado por los gendarmes al llegar a la zona, contactad <a href=\"mailto:legal_carnet@riseup.net\">legal_carnet[at]riseup.net<\/a> con la hora y el lugar d\u00f3nde ocurri\u00f3.<\/p>\n\n\n\n<p>En cualquier caso, no dud\u00e9is en venir. Las multas no son frecuentes, pero si en alg\u00fan momento recib\u00eds una, contactad <a href=\"mailto:legal_carnet@riseup.net\">legal_carnet[at]riseup.net<\/a> para oponer una acci\u00f3n com\u00fan de defensa.<\/p>\n\n\n\n<p>Actualizamos los puntos de control regularmente. Para conocer los puntos de control antes de venir, enviad un mensaje <a href=\"https:\/\/www.signal.org\/fr\/download\/\" target=\"_blank\" rel=\"noreferrer noopener\">via la aplicaci\u00f3n Signal<\/a> al n\u00famero : +1 813-437-5607. Si sois sometidos a un control, enviad igualmente le punto de control a este mismo n\u00famero. Gracias!<\/p>\n\n\n\n<p>Si no ten\u00e9is smartphone o no pod\u00e9is utilizar Signal, pod\u00e9is enviar un mail a <a href=\"mailto:zadducarnet@riseup.net\">zadducarnet[at]riseup.net<\/a>&nbsp;; intentaremos responder lo m\u00e1s r\u00e1pido posible, aunque seamos m\u00e1s lentos \u2026<\/p>\n\n\n\n<p>Las \u00f3rdenes municipales de prohibici\u00f3n de circulaci\u00f3n y estacionamiento que se hab\u00edan decretado no est\u00e1n ya vigentes. Os aconsejamos de todos modos, por evitar la identificaci\u00f3n de vuestro veh\u00edculo, de tapar vuestras matr\u00edculas cuando aparqu\u00e9is cerca de la Zad.<\/p>\n\n\n\n<h2 class=\"wp-block-heading\"><strong>Venir en bici<\/strong><\/h2>\n\n\n\n<p>La ZAD se sit\u00faa sobre el recorrido del \u00ab&nbsp;Loire \u00e0 v\u00e9lo&nbsp;\u00bb a 40 kms de Nantes , es f\u00e1cil de enconctrarnos. \u00a1Preved 2h30 \u2013 3h desde Nantes!<\/p>\n\n\n\n<p><strong>Dos opciones :<\/strong><\/p>\n\n\n\n<ul class=\"wp-block-list\"><li>tomar la Loire \u00e0 v\u00e9lo por la orilla norte direcci\u00f3n Cou\u00ebron (flechas amarillas indicando \u201cparcours provisoire\u201d) y despu\u00e9s tomar el barco hacia Pellerin para serguir por la orilla Sur<\/li><li>tomar la Loire \u00e0 v\u00e9lo por la orilla Sur, pasando por l\u2019\u00eele de nantes (recorrido indicado por las flechas de l\u2019eurov\u00e9lo)<\/li><\/ul>\n\n\n\n<p><a href=\"https:\/\/www.loireavelo.fr\/carte\/\">Link al mapa de la Loire \u00e0 V\u00e9lo<\/a><\/p>\n\n\n\n<p>Se organizar\u00e1n grupos en bici regularmente desde Nantes por el Collectif Nantais de D\u00e9fense de l\u2019Estuaire !<\/p>\n\n\n\n<h2 class=\"wp-block-heading\">Venir en tranpsporte p\u00fablico<\/h2>\n\n\n\n<p><strong>Estaciones cercanas<\/strong><\/p>\n\n\n\n<p>Saint-Nazaire (30kms) y Nantes (40kms) con posibilidad de combinar con las dos l\u00edneas de buses departamentales indicadas aqu\u00ed abajo, la Loire \u00e0 V\u00e9lo o el covoit \/ stop !<\/p>\n\n\n\n<p><strong>Buses departamentales<\/strong><\/p>\n\n\n\n<p><strong>L\u00ednea de bus departamental 301 Nantes \u2013 Saint-P\u00e8re Paimboeuf<\/strong>. Atenci\u00f3n. Solo hay dos buses por d\u00eda (y uno solo de vuelta) y \u00fanicamente de lunes a viernes en periodo escolar. <a href=\"https:\/\/aleop.paysdelaloire.fr\/plan-de-la-ligne-301-en-loire-atlantique\">Aqu\u00ed el plano de la l\u00ednea<\/a> y arriba una captura de pantalla de los <a href=\"https:\/\/drive.google.com\/file\/d\/1IDVH7cAmCeq43j25UjALhf0_eHBzujVq\/view\">horarios <\/a>.<\/p>\n\n\n\n<figure class=\"wp-block-image size-large\"><img loading=\"lazy\" decoding=\"async\" width=\"869\" height=\"1024\" src=\"https:\/\/zadducarnet.org\/wp-content\/uploads\/2021\/01\/horaires301-869x1024-1.png\" alt=\"\" class=\"wp-image-1389\" srcset=\"https:\/\/zadducarnet.org\/wp-content\/uploads\/2021\/01\/horaires301-869x1024-1.png 869w, https:\/\/zadducarnet.org\/wp-content\/uploads\/2021\/01\/horaires301-869x1024-1-255x300.png 255w, https:\/\/zadducarnet.org\/wp-content\/uploads\/2021\/01\/horaires301-869x1024-1-768x905.png 768w\" sizes=\"auto, (max-width: 869px) 100vw, 869px\" \/><\/figure>\n\n\n\n<p>Coger el bus en la parada Pirmil (l\u00edneas 2 y 3 de tram) direcci\u00f3n Paimboeuf, luego hay dos opciones :<\/p>\n\n\n\n<ul class=\"wp-block-list\"><li>Descender en la parada PAIMB\u0152UF \u2013 Kuhlmann Floralies y preved despu\u00e9s 45 minutos a pie hasta la ZAD siguiendo la loire \u00e0 v\u00e9lo direcci\u00f3n Frossay.<\/li><li>Descender en la parada Plein Air \u00e0 Saint-Viaud y preved despu\u00e9s 45 minutos a pie hasta la ZAD&nbsp;: volved atras y tomad la ruta de la aviaci\u00f3n, luego seguid la Loire \u00e0 V\u00e9lo.<\/li><\/ul>\n\n\n\n<p><strong>L\u00ednea de bus departamental 316 Frossay Paimboeuf Saint-Nazaire<\/strong> que propone m\u00e1s horarios del lunes al s\u00e1bado! Pod\u00e9is tomarla en la estaci\u00f3n SNCF de Saint-Nazaire!<\/p>\n\n\n\n<p>Coged el bus en la parada Gare SNCF \u2013 Saint-Nazaire direcci\u00f3n Frossay con parada en Paimboeuf \u2013 Kuhlmann Floralies, luego caminad hasta la ZAD siguiendo la Loire \u00e0 v\u00e9lo !<\/p>\n\n\n\n<figure class=\"wp-block-table\"><table><thead><tr><th>Salida Saint-Nazaire<\/th><th>llegada Paimboeuf<\/th><\/tr><\/thead><tbody><tr><td>7h10<\/td><td>7h52<\/td><\/tr><tr><td>8h52<\/td><td>9h34<\/td><\/tr><tr><td>10h00<\/td><td>10h42<\/td><\/tr><tr><td>12h00<\/td><td>12h42<\/td><\/tr><tr><td>16h00<\/td><td>16h42<\/td><\/tr><tr><td>17h10<\/td><td>17h52<\/td><\/tr><tr><td>17h40<\/td><td>18h22<\/td><\/tr><tr><td>17h45<\/td><td>18h27<\/td><\/tr><tr><td>18h45<\/td><td>19h27<\/td><\/tr><\/tbody><\/table><\/figure>\n\n\n\n<figure class=\"wp-block-table\"><table><thead><tr><th>salida Paimboeuf<\/th><th>llegada Saint-Nazaire<\/th><\/tr><\/thead><tbody><tr><td>6h20<\/td><td>7h07<\/td><\/tr><tr><td>7h00<\/td><td>7h46<\/td><\/tr><tr><td>7h30<\/td><td>8h17<\/td><\/tr><tr><td>8h01<\/td><td>8h48<\/td><\/tr><tr><td>9h18<\/td><td>10h03<\/td><\/tr><tr><td>15h23<\/td><td>16h08<\/td><\/tr><tr><td>17h00<\/td><td>17h44<\/td><\/tr><tr><td>17h55<\/td><td>18h40<\/td><\/tr><\/tbody><\/table><\/figure>\n\n\n\n<h2 class=\"wp-block-heading\"><strong>Venir a pasar unas horas \/&nbsp;pasar el d\u00eda<\/strong><\/h2>\n\n\n\n<p>Todo el mundo es bienvenido, todos los d\u00edas, para descubrir l\u2019\u00eele du Carnet, pasearse, conocer la riqueza del lugar. Venid a conversar y debatir, somos aqu\u00ed (tambi\u00e9n) para eso!<\/p>\n\n\n\n<p>Todos los domingos hay rutas organizadas para descubrir la zona \u2014 hora de encuentro a mediod\u00eda para un picnic, y a las 14h para el comienzo del paseo. Todas las informaciones son actualizadas sobre la p\u00e1gina <a href=\"https:\/\/zadducarnet.org\/index.php\/agenda-groupes-locaux\/\">\u201cAgenda\u201d<\/a>.<\/p>\n\n\n\n<h2 class=\"wp-block-heading\">Si os qued\u00e1is varios d\u00edas<\/h2>\n\n\n\n<p>Os aconsejamos coger vuestro dni o pasaporte, una tienda de campa\u00f1a y un saco, ropa abrigada para la noche, una linterna frontal, etc. (si no ten\u00e9is, podemos ver c\u00f3mo organizarnos). La Zad es un lugar de lucha y no de fiesta, preferimos que evit\u00e9is traer alcohol en gran cantidad. Si deseais traer algo para compartir, os aconsejamos consultar nuestra <a href=\"https:\/\/frama.link\/besoinscarnet\/\" target=\"_blank\" rel=\"noreferrer noopener\">lista de cosas necesarias<\/a>. La zona es grande, si ten\u00e9is la oportunidad, traed una bici (tenemos tambi\u00e9n un espacio de reparaci\u00f3n disponible).<\/p>\n\n\n\n<p>Vuestro tel\u00e9fono port\u00e1til puede ser \u00fatil, y tambi\u00e9n bater\u00edas externas para un m\u00e1ximo de autonom\u00eda, en espera de lograr tener un punto fijo de electricidad para cargar los tel\u00e9fonos (el abastecimiento, de momento, nos lo proporcionan lugares de apoyo alrededor de la ZAD).<\/p>\n\n\n\n<p><strong>Antes de venir, y cuando est\u00e9is ya aqu\u00ed, tomaos el tiempo de leer <\/strong><a href=\"https:\/\/zadducarnet.org\/index.php\/legal-team\/\" target=\"_blank\" rel=\"noreferrer noopener\"><strong>la informaci\u00f3n del Legal Team<\/strong><\/a><strong>.<\/strong><\/p>\n\n\n\n<h2 class=\"wp-block-heading\">A vuestra llegada<\/h2>\n\n\n\n<p>Tenemos un gu\u00eda para l@s reci\u00e9n llegad@s que contiene mucha informaci\u00f3n sobre el funcionamiento de la ZAD. Este texte est\u00e1 tambi\u00e9n sobre los muros del Vortex. Pensad a avisadnos cu\u00e1ndo llegu\u00e9is, un@ compa\u00f1er@ os presentara la zona.<\/p>\n\n\n\n<p>Si hac\u00e9is fotos o videos, pedid el permiso a la persona que salga (aunque sea de espaldas) en ellos antes de hacerlos. Pod\u00e9is enviar vuestros textos, fotos y videos a <a href=\"mailto:zadducarnet@riseup.net\">zadducarnet[at]riseup.net<\/a> para que podamos reutilizarlos. Merci !<\/p>\n","protected":false},"excerpt":{"rendered":"<p>Para venir La zona se encuentra a 30 km de Saint Nazaire y a 40 km de Nantes, sobre la orilla sur del Loira, en la commune de Saint Viaud. La direcci\u00f3n exacta es\u00a0:Lieu dit La P\u00e9hini\u00e8re 44320 Saint Viaud Ver en pantalla completa Venir en coche\/coche compartido Coche compartido : Se ha creado un &hellip; <a href=\"https:\/\/zadducarnet.org\/index.php\/es\/como-llegar\/\" class=\"more-link\">Continuer la lecture de <span class=\"screen-reader-text\">C\u00f3mo llegar ?<\/span> <span class=\"meta-nav\">&rarr;<\/span><\/a><\/p>\n","protected":false},"author":5,"featured_media":0,"parent":0,"menu_order":0,"comment_status":"closed","ping_status":"closed","template":"","meta":{"_uag_custom_page_level_css":"","_mc_calendar":[],"footnotes":""},"class_list":["post-1673","page","type-page","status-publish","hentry"],"uagb_featured_image_src":{"full":false,"thumbnail":false,"medium":false,"medium_large":false,"large":false,"1536x1536":false,"2048x2048":false,"post-thumbnail":false},"uagb_author_info":{"display_name":"zad_du_carnet","author_link":"https:\/\/zadducarnet.org\/index.php\/author\/zad_du_carnet\/"},"uagb_comment_info":0,"uagb_excerpt":"Para venir La zona se encuentra a 30 km de Saint Nazaire y a 40 km de Nantes, sobre la orilla sur del Loira, en la commune de Saint Viaud. La direcci\u00f3n exacta es\u00a0:Lieu dit La P\u00e9hini\u00e8re 44320 Saint Viaud Ver en pantalla completa Venir en coche\/coche compartido Coche compartido : Se ha creado un\u2026","_links":{"self":[{"href":"https:\/\/zadducarnet.org\/index.php\/wp-json\/wp\/v2\/pages\/1673","targetHints":{"allow":["GET"]}}],"collection":[{"href":"https:\/\/zadducarnet.org\/index.php\/wp-json\/wp\/v2\/pages"}],"about":[{"href":"https:\/\/zadducarnet.org\/index.php\/wp-json\/wp\/v2\/types\/page"}],"author":[{"embeddable":true,"href":"https:\/\/zadducarnet.org\/index.php\/wp-json\/wp\/v2\/users\/5"}],"replies":[{"embeddable":true,"href":"https:\/\/zadducarnet.org\/index.php\/wp-json\/wp\/v2\/comments?post=1673"}],"version-history":[{"count":3,"href":"https:\/\/zadducarnet.org\/index.php\/wp-json\/wp\/v2\/pages\/1673\/revisions"}],"predecessor-version":[{"id":1684,"href":"https:\/\/zadducarnet.org\/index.php\/wp-json\/wp\/v2\/pages\/1673\/revisions\/1684"}],"wp:attachment":[{"href":"https:\/\/zadducarnet.org\/index.php\/wp-json\/wp\/v2\/media?parent=1673"}],"curies":[{"name":"wp","href":"https:\/\/api.w.org\/{rel}","templated":true}]}}